{"id":37,"date":"2018-06-13T07:01:30","date_gmt":"2018-06-13T05:01:30","guid":{"rendered":"https:\/\/biomez.pl\/?page_id=37"},"modified":"2025-11-04T10:09:10","modified_gmt":"2025-11-04T09:09:10","slug":"home","status":"publish","type":"page","link":"https:\/\/biomez.pl\/","title":{"rendered":"Home"},"content":{"rendered":"\t\t<div data-elementor-type=\"wp-post\" data-elementor-id=\"37\" class=\"elementor elementor-37\">\n\t\t\t\t<div class=\"aux-parallax-section elementor-element elementor-element-4ca8611 e-flex e-con-boxed e-con e-parent\" data-id=\"4ca8611\" data-element_type=\"container\" data-settings=\"{&quot;background_background&quot;:&quot;classic&quot;}\">\n\t\t\t\t\t<div class=\"e-con-inner\">\n\t\t<div class=\"elementor-element elementor-element-5071e2a e-con-full e-flex e-con e-child\" data-id=\"5071e2a\" data-element_type=\"container\">\n\t\t\t\t<div class=\"elementor-element elementor-element-d465fa1 elementor-widget elementor-widget-aux_image\" data-id=\"d465fa1\" data-element_type=\"widget\" data-widget_type=\"aux_image.default\">\n\t\t\t\t<div class=\"elementor-widget-container\">\n\t\t\t\t\t<section class=\"widget-container aux-widget-image aux-alignnone aux-parent-au615b8dd1\">\n    <div class=\"aux-media-hint-frame \">\n        <div class=\"aux-media-image \" >\n        \n            \n\n            \n            <img decoding=\"async\" width=\"100\" height=\"100\" src=\"data:image\/gif;base64,R0lGODlhAQABAIAAAAAAAP\/\/\/yH5BAEAAAAALAAAAAABAAEAAAIBRAA7\" class=\"aux-attachment aux-featured-image aux-attachment-id-43 aux-preload aux-blank\" alt=\"biomez_logo\" data-ratio=\"1\" data-original-w=\"2560\" sizes=\"auto\" data-srcset=\"https:\/\/biomez.pl\/wp-content\/uploads\/2025\/11\/biomez_logo-scaled-150x150.png 150w,https:\/\/biomez.pl\/wp-content\/uploads\/2025\/11\/biomez_logo-scaled-300x300.png 300w,https:\/\/biomez.pl\/wp-content\/uploads\/2025\/11\/biomez_logo-scaled-768x768.png 768w,https:\/\/biomez.pl\/wp-content\/uploads\/2025\/11\/biomez_logo-scaled-1024x1024.png 1024w,https:\/\/biomez.pl\/wp-content\/uploads\/2025\/11\/biomez_logo-scaled-100x100.png 100w\" data-src=\"https:\/\/biomez.pl\/wp-content\/uploads\/2025\/11\/biomez_logo-scaled-100x100.png\" \/>            \n                <\/div>\n    <\/div>\n\n<\/section><!-- widget-container -->\t\t\t\t<\/div>\n\t\t\t\t<\/div>\n\t\t\t\t<\/div>\n\t\t<footer class=\"elementor-element elementor-element-71ab30c e-con-full e-flex e-con e-child\" data-id=\"71ab30c\" data-element_type=\"container\">\n\t\t\t\t<div class=\"elementor-element elementor-element-45279a7 aux-appear-watch-animation aux-scale-up elementor-widget__width-inherit elementor-widget elementor-widget-aux_text\" data-id=\"45279a7\" data-element_type=\"widget\" data-widget_type=\"aux_text.default\">\n\t\t\t\t<div class=\"elementor-widget-container\">\n\t\t\t\t\t<section class=\"widget-container aux-widget-text aux-parent-aua607f942\">        <div class=\"aux-widget-advanced-text aux-wrap-style-simple aux-ico-pos- aux-text-center aux-text-resp- aux-text-color-dark aux-text-widget-bg-center  \" >\n        \n            \n            <div class=\"aux-text-inner aux-text-widget-content\">\n                                <h4 class=\"col-title\">BUSINESS BRANDS HUB<\/h4>\n                                <h5 class=\"col-subtitle\">Zmieniamy si\u0119 dla Ciebie<\/h5>\n\n                                <div class=\"widget-content\">\n                                        <p>Wiele projekt\u00f3w, wiele biznes\u00f3w, integrujemy w ca\u0142o\u015b\u0107.<\/p>                <\/div>\n                            <\/div>\n        <\/div>\n                    <div class=\"aux-text-widget-footer\">\n                <div class=\"aux-border-shape-none \">\n                                <\/div>\n            <\/div>\n        \n<\/section><!-- widget-container -->\t\t\t\t<\/div>\n\t\t\t\t<\/div>\n\t\t\t\t<\/footer>\n\t\t<div class=\"elementor-element elementor-element-8976cc7 e-con-full e-flex e-con e-child\" data-id=\"8976cc7\" data-element_type=\"container\">\n\t\t<footer class=\"elementor-element elementor-element-2e5510c e-con-full e-flex e-con e-child\" data-id=\"2e5510c\" data-element_type=\"container\">\n\t\t<div class=\"elementor-element elementor-element-344b0f5d e-con-full e-flex e-con e-child\" data-id=\"344b0f5d\" data-element_type=\"container\">\n\t\t\t\t<div class=\"elementor-element elementor-element-4f87c873 elementor-widget elementor-widget-heading\" data-id=\"4f87c873\" data-element_type=\"widget\" data-widget_type=\"heading.default\">\n\t\t\t\t<div class=\"elementor-widget-container\">\n\t\t\t\t\t<h3 class=\"elementor-heading-title elementor-size-default\">Zarz\u0105dzanie projektami<\/h3>\t\t\t\t<\/div>\n\t\t\t\t<\/div>\n\t\t\t\t<div class=\"elementor-element elementor-element-5e915c68 elementor-widget elementor-widget-text-editor\" data-id=\"5e915c68\" data-element_type=\"widget\" data-widget_type=\"text-editor.default\">\n\t\t\t\t<div class=\"elementor-widget-container\">\n\t\t\t\t\t\t\t\t\t<p>Biznes to projekt! Dzi\u0119ki wiedzy i do\u015bwiadczeniu&#8230; tworzymy projekty, dzielimy si\u0119 wiedz\u0105, inwestujemy w ludzi.<\/p>\t\t\t\t\t\t\t\t<\/div>\n\t\t\t\t<\/div>\n\t\t\t\t<\/div>\n\t\t<div class=\"elementor-element elementor-element-7e7ee33f e-con-full e-flex e-con e-child\" data-id=\"7e7ee33f\" data-element_type=\"container\">\n\t\t\t\t<div class=\"elementor-element elementor-element-7ddc5d67 elementor-widget elementor-widget-heading\" data-id=\"7ddc5d67\" data-element_type=\"widget\" data-widget_type=\"heading.default\">\n\t\t\t\t<div class=\"elementor-widget-container\">\n\t\t\t\t\t<h3 class=\"elementor-heading-title elementor-size-default\">BIOTECHNOLOGIA <br>W KOSMETOLOGII<\/h3>\t\t\t\t<\/div>\n\t\t\t\t<\/div>\n\t\t\t\t<div class=\"elementor-element elementor-element-18caf533 elementor-widget elementor-widget-text-editor\" data-id=\"18caf533\" data-element_type=\"widget\" data-widget_type=\"text-editor.default\">\n\t\t\t\t<div class=\"elementor-widget-container\">\n\t\t\t\t\t\t\t\t\t<p>\u017bycie jest pi\u0119kne! Dajemy nowoczesne rozwi\u0105zania, procedury, testujemy aktywne sk\u0142adniki wnikaj\u0105ce w sk\u00f3r\u0119.<\/p>\t\t\t\t\t\t\t\t<\/div>\n\t\t\t\t<\/div>\n\t\t\t\t<\/div>\n\t\t<div class=\"elementor-element elementor-element-200e7ada e-con-full e-flex e-con e-child\" data-id=\"200e7ada\" data-element_type=\"container\">\n\t\t\t\t<div class=\"elementor-element elementor-element-2cdce862 elementor-widget elementor-widget-heading\" data-id=\"2cdce862\" data-element_type=\"widget\" data-widget_type=\"heading.default\">\n\t\t\t\t<div class=\"elementor-widget-container\">\n\t\t\t\t\t<h3 class=\"elementor-heading-title elementor-size-default\">SPORT <br>w BIZNESIE<\/h3>\t\t\t\t<\/div>\n\t\t\t\t<\/div>\n\t\t\t\t<div class=\"elementor-element elementor-element-428d1c90 elementor-widget elementor-widget-text-editor\" data-id=\"428d1c90\" data-element_type=\"widget\" data-widget_type=\"text-editor.default\">\n\t\t\t\t<div class=\"elementor-widget-container\">\n\t\t\t\t\t\t\t\t\t<p>Zdrowie to podstawa! \u0141\u0105czymy sport z biznesem, organizujemy sportowe wyzwania, budujemy zespo\u0142y i wzmacniamy lider\u00f3w.<\/p>\t\t\t\t\t\t\t\t<\/div>\n\t\t\t\t<\/div>\n\t\t\t\t<\/div>\n\t\t\t\t<\/footer>\n\t\t<footer class=\"elementor-element elementor-element-52d1bfa e-con-full e-flex e-con e-child\" data-id=\"52d1bfa\" data-element_type=\"container\">\n\t\t\t\t<div class=\"elementor-element elementor-element-7591723 aux-appear-watch-animation aux-scale-up elementor-widget elementor-widget-aux_text\" data-id=\"7591723\" data-element_type=\"widget\" data-widget_type=\"aux_text.default\">\n\t\t\t\t<div class=\"elementor-widget-container\">\n\t\t\t\t\t<section class=\"widget-container aux-widget-text aux-parent-au724eb6fd\">        <div class=\"aux-widget-advanced-text aux-wrap-style-simple aux-ico-pos- aux-text-center aux-text-resp- aux-text-color-dark aux-text-widget-bg-center  \" >\n        \n            \n            <div class=\"aux-text-inner aux-text-widget-content\">\n                                <h4 class=\"col-title\">BIOMEZ SP.  Z O.O.<\/h4>\n                                <div class=\"widget-content\">\n                                        <p>ul. Nadwi\u015bla\u0144ska 28, 05-152 Pie\u0144k\u00f3w<\/p><p>KRS: 0000437257, NIP: 5252539586, REGON: 146347182<\/p><p>kontakt@biomez.pl<\/p><p>\u00a0<\/p><p>\u00a0<\/p><p>(C) 2025 Wszelkie prawa zastrze\u017cone<\/p>                <\/div>\n                            <\/div>\n        <\/div>\n                    <div class=\"aux-text-widget-footer\">\n                <div class=\"aux-border-shape-none \">\n                                <\/div>\n            <\/div>\n        \n<\/section><!-- widget-container -->\t\t\t\t<\/div>\n\t\t\t\t<\/div>\n\t\t\t\t<\/footer>\n\t\t\t\t<\/div>\n\t\t\t\t\t<\/div>\n\t\t\t\t<\/div>\n\t\t\t\t<\/div>\n\t\t","protected":false},"excerpt":{"rendered":"<p>BUSINESS BRANDS HUB Zmieniamy si\u0119 dla Ciebie Wiele projekt\u00f3w, wiele biznes\u00f3w, integrujemy w ca\u0142o\u015b\u0107. Zarz\u0105dzanie projektami Biznes to projekt! Dzi\u0119ki wiedzy i do\u015bwiadczeniu&#8230; tworzymy projekty, dzielimy si\u0119 wiedz\u0105, inwestujemy w ludzi. BIOTECHNOLOGIA W KOSMETOLOGII \u017bycie jest pi\u0119kne! Dajemy nowoczesne rozwi\u0105zania, procedury, testujemy aktywne sk\u0142adniki wnikaj\u0105ce w sk\u00f3r\u0119. SPORT w BIZNESIE Zdrowie to podstawa! \u0141\u0105czymy sport [&hellip;]<\/p>\n","protected":false},"author":1,"featured_media":0,"parent":0,"menu_order":0,"comment_status":"closed","ping_status":"closed","template":"elementor_canvas","meta":{"footnotes":""},"class_list":["post-37","page","type-page","status-publish","hentry"],"_links":{"self":[{"href":"https:\/\/biomez.pl\/index.php?rest_route=\/wp\/v2\/pages\/37","targetHints":{"allow":["GET"]}}],"collection":[{"href":"https:\/\/biomez.pl\/index.php?rest_route=\/wp\/v2\/pages"}],"about":[{"href":"https:\/\/biomez.pl\/index.php?rest_route=\/wp\/v2\/types\/page"}],"author":[{"embeddable":true,"href":"https:\/\/biomez.pl\/index.php?rest_route=\/wp\/v2\/users\/1"}],"replies":[{"embeddable":true,"href":"https:\/\/biomez.pl\/index.php?rest_route=%2Fwp%2Fv2%2Fcomments&post=37"}],"version-history":[{"count":24,"href":"https:\/\/biomez.pl\/index.php?rest_route=\/wp\/v2\/pages\/37\/revisions"}],"predecessor-version":[{"id":72,"href":"https:\/\/biomez.pl\/index.php?rest_route=\/wp\/v2\/pages\/37\/revisions\/72"}],"wp:attachment":[{"href":"https:\/\/biomez.pl\/index.php?rest_route=%2Fwp%2Fv2%2Fmedia&parent=37"}],"curies":[{"name":"wp","href":"https:\/\/api.w.org\/{rel}","templated":true}]}}